ctor of 22649084 and 9557?
503
What is the greatest common divisor of 2117268 and 571?
571
Calculate the greatest common factor of 13549 and 42857.
17
What is the greatest common factor of 5022 and 190677807?
2511
What is the highest common divisor of 3636 and 5938800?
1212
What is the highest common divisor of 59931664 and 52?
52
Calculate the highest common divisor of 86738 and 65782.
62
Calculate the greatest common factor of 12090 and 7859895.
465
What is the greatest common divisor of 1490 and 3244922?
298
What is the highest common divisor of 152001342 and 207?
207
Calculate the highest common factor of 25878 and 72390.
114
What is the highest common factor of 33401576 and 312?
104
What is the greatest common divisor of 1801312 and 5598?
622
What is the greatest common divisor of 3 and 69938727?
3
Calculate the highest common factor of 4401703 and 20371.
1567
Calculate the highest common factor of 1841 and 27625257.
263
Calculate the highest common factor of 27472 and 3238160.
272
Calculate the greatest common divisor of 538016 and 23414.
46
Calculate the highest common factor of 33537420 and 120.
60
Calculate the greatest common factor of 17670 and 3925970.
190
What is the highest common divisor of 5624943 and 75684?
2703
What is the greatest common factor of 96976 and 8432504?
4408
Calculate the greatest common divisor of 22002 and 185422434.
1158
Calculate the highest common divisor of 176 and 728440504.
88
What is the greatest common divisor of 111988160 and 64?
64
What is the highest common factor of 1270545960 and 3515?
3515
Calculate the greatest common divisor of 51566 and 209300.
46
Calculate the greatest common divisor of 1313401 and 59362.
67
What is the highest common factor of 17 and 337044?
1
Calculate the highest common factor of 12 and 14625348.
12
What is the highest common factor of 49 and 768120409?
7
What is the greatest common factor of 995 and 725500270?
995
Calculate the greatest common factor of 7769816 and 136.
136
Calculate the greatest common divisor of 6104 and 260985676.
3052
Calculate the greatest common divisor of 446130167 and 2023.
2023
What is the greatest common divisor of 7199 and 19389?
23
What is the greatest common divisor of 57447 and 60840?
117
Calculate the highest common factor of 63792 and 188736.
48
Calculate the highest common divisor of 1 and 6541231.
1
What is the highest common divisor of 12 and 125681412?
12
Calculate the greatest common divisor of 13 and 15723617.
13
What is the greatest common divisor of 109606 and 15869383?
7829
What is the greatest common factor of 12861 and 8217?
9
Calculate the highest common divisor of 3369545 and 13795.
155
What is the highest common factor of 256583980 and 380?
380
What is the highest common divisor of 7189646 and 7893?
877
Calculate the greatest common factor of 5480 and 66320.
40
Calculate the greatest common divisor of 64616 and 7727352.
328
Calculate the greatest common divisor of 13030048 and 418.
38
Calculate the greatest common divisor of 1468 and 296297817.
367
What is the highest common divisor of 220 and 76272900?
220
Calculate the highest common factor of 1548 and 72077374.
86
Calculate the greatest common factor of 27 and 659665557.
9
Calculate the greatest common factor of 334255372 and 209.
209
Calculate the highest common divisor of 430 and 379160.
10
Calculate the greatest common factor of 1123070 and 39750.
530
Calculate the greatest common factor of 162 and 872766.
18
Calculate the greatest common factor of 18 and 30393906.
6
Calculate the greatest common factor of 216388102 and 1337.
1337
Calculate the greatest common divisor of 5606580 and 95256.
588
Calculate the greatest common factor of 3272 and 1434.
2
Calculate the highest common factor of 46 and 4870762.
2
Calculate the greatest common factor of 12481186 and 52438.
314
What is the highest common divisor of 3088 and 140311?
193
What is the greatest common factor of 841457098 and 58?
58
Calculate the greatest common divisor of 4365 and 26023645.
485
What is the greatest common factor of 2736 and 757245?
57
Calculate the highest common factor of 14582 and 30328658.
634
Calculate the greatest common divisor of 42274 and 42228.
46
Calculate the highest common factor of 763 and 28889.
7
Calculate the highest common divisor of 198470027 and 427.
427
Calculate the highest common divisor of 26848 and 10193850.
1678
What is the greatest common divisor of 134003407 and 487?
487
Calculate the greatest common divisor of 5537882 and 1568.
98
Calculate the highest common factor of 3634891 and 923.
13
What is the highest common divisor of 131077 and 131491?
23
Calculate the greatest common factor of 162448185 and 15.
15
What is the greatest common factor of 2640 and 8018230?
110
What is the highest common divisor of 35112 and 5592?
24
What is the highest common divisor of 2645326 and 130?
2
What is the highest common factor of 1066524 and 5452?
188
What is the greatest common divisor of 132006 and 356426?
98
What is the highest common divisor of 532 and 8946784?
28
Calculate the greatest common divisor of 916 and 5269290.
458
Calculate the highest common factor of 12825 and 133137.
27
Calculate the highest common divisor of 693 and 995589.
63
Calculate the greatest common divisor of 267300 and 105765.
165
What is the highest common divisor of 86703 and 321?
3
What is the greatest common factor of 912648 and 2112?
264
What is the greatest common divisor of 303795 and 1849?
43
What is the highest common factor of 275753 and 988482?
881
What is the highest common divisor of 9317 and 439747?
77
What is the highest common factor of 31862 and 136935?
179
What is the highest common divisor of 12 and 470082?
6
Calculate the highest common factor of 323 and 958307.
17
What is the greatest common divisor of 5517834 and 168?
42
What is the highest common factor of 137128 and 82616248?
2248
Calculate the highest common divisor of 19279906 and 155746.
3622
What is the greatest common divisor of 677432403 and 285?
57
Calculate the highest common factor of 67210 and 3334556.
94
What is the highest common divisor of 1670 and 144135?
5
What is the highest common divisor of 5424 and 4384513?
113
What is the highest common divisor of 210325 and 3650?
25
Calculate the greatest common factor of 165828 and 3804.
12
Calculate the greatest common factor of 987 and 7979237.
329
Calculate the greatest common divisor of 6 and 272982.
6
Calculate the highest common divisor of 18471469 and 391.
17
Calculate the greatest common factor of 3640713 and 402.
201
What is the greatest common divisor of 1856 and 978692?
116
What is the greatest common divisor of 7501 and 922987?
13
Calculate the highest common factor of 17519325 and 240.
15
What is the greatest common divisor of 2149128 and 12996?
684
What is the greatest common divisor of 40 and 16245100?
20
What is the highest common divisor of 127367 and 6020467?
1901
Calculate the greatest common factor of 294904 and 11.
1
Calculate the greatest common factor of 931 and 100058.
49
Calculate the highest common divisor of 424109 and 21371.
301
What is the greatest common factor of 9272 and 7697712?
488
What is the greatest common divisor of 5307755 and 1962?
109
Calculate the highest common divisor of 785913 and 165.
3
What is the greatest common factor of 2061656 and 144?
8
Calculate the greatest common factor of 1759172 and 711.
79
Calculate the highest common factor of 149213596 and 1239.
413
What is the greatest common divisor of 688 and 2547296?
16
Calculate the greatest common divisor of 93533 and 19136388.
773
What is the greatest common divisor of 6729420 and 69540?
1140
Calculate the greatest common factor of 11458 and 29801.
17
Calculate the greatest common divisor of 177 and 11991.
3
Calculate the greatest common factor of 2197 and 602171336.
2197
What is the highest common divisor of 24490024 and 6505?
1301
Calculate the greatest common divisor of 194705 and 15715.
35
Calculate the greatest common factor of 117 and 648323.
13
What is the highest common divisor of 134 and 36498384?
134
What is the greatest common divisor of 3544 and 188784?
8
Calculate the greatest common factor of 91970 and 111010.
170
Calculate the greatest common factor of 706 and 1862